factors of j.
3, 5
List the prime factors of ((-200)/32)/(1/(-4)).
5
Let r(q) = q + 8. Let h be r(-6). Suppose 0 = f - 4 - h. Suppose -2*w + f*w = 44. What are the prime factors of w?
11
Suppose -5*j - 14 = 3*x, -5*x - 2*j - 80 = -5*j. Suppose -16 = 2*a + 2*a. Let c = a - x. What are the prime factors of c?
3
Suppose -41 = r - b, 131 = -3*r + 5*b - 0*b. Let y = 74 + r. What are the prime factors of y?
37
Suppose -4*r + 3 = -2*d - 21, -4*d + 2*r = 18. Let c be 4 + 0 + d + 4. Let q(h) = h**3 - 7*h**2 + 7*h + 8. What are the prime factors of q(c)?
2, 7
Suppose 3*m - 6 = 3*i - 0*i, 0 = 3*m - 15. Let z = 13 - 7. Let j = z - i. What are the prime factors of j?
3
List the prime factors of (6/(-1))/((-6)/33).
3, 11
Suppose f - 60 = 5*f. Let i = -9 - f. Suppose -2*n - o = o + i, -31 = -3*n + 5*o. List the prime factors of n.
2
Let i(d) = d**3 + 14*d**2 + 17*d + 10. What are the prime factors of i(-12)?
2, 47
Suppose -2*z = -8 - 0. Suppose -z*c = -0*c + 24. What are the prime factors of 27/c*(1 - 3)?
3
Suppose -a + 5*a - 16 = 0. Suppose a*r - 60 = -4*g, -2*g - g - 75 = -3*r. Suppose 8*h - 3*h = -r, -3*y + 5*h = -47. What are the prime factors of y?
3
Let q(h) = h + 15. What are the prime factors of q(16)?
31
Let t(s) = s**3 - 7*s**2 - 9*s + 2. Let y be t(8). Let d(c) be the third derivative of c**5/60 + 5*c**4/24 + c**3/6 + c**2. List the prime factors of d(y).
7
Let z be (4 - 2)*(-6)/(-4). Suppose 5*v = z*v + 6. What are the prime factors of v?
3
Let b = 1 + 4. Suppose -105 = -b*j - 0*j. Suppose -j - 15 = -4*g. List the prime factors of g.
3
Let u(g) = 2*g - 1. Let y = -4 + 9. Let i be u(y). Suppose 2*f + 1 = -0*r + r, 2*r + 3*f = i. List the prime factors of r.
3
Suppose o - 4*y = 51, 0*o = 2*o + 5*y - 128. Let d = o - 30. What are the prime factors of d?
29
Let s(m) = -2*m - 7. Suppose 3*i + 0 = -3*t - 12, -2*i + 2*t = 12. Let x be s(i). Suppose 0*b + x = b. What are the prime factors of b?
3
Suppose -27*r = -23*r - 792. List the prime factors of r.
2, 3, 11
Let v(r) = -2*r**3 + r + 1. Let m be v(-2). Suppose -m = -5*c + 2*p, 0 = 5*c - 0*p - 4*p - 15. Suppose -s = -c*s + 14. What are the prime factors of s?
7
Let h = 13 + -35. Let y = 34 + h. List the prime factors of y.
2, 3
Suppose -3*a + 244 = 28. What are the prime factors of 2436/a - (-2)/12?
2, 17
Let o be -2*((-2 - -4) + -5). Let l be (2 - -16)/(6/4). Let k = l - o. List the prime factors of k.
2, 3
Let c be 2 + 2*-1 - -5. Suppose c*s - 2 = 3. What are the prime factors of 2 - (-8 + s + 0)?
3
Suppose -3*b - 3*r = -b - 88, 4*b + 4*r = 180. Let i = b - 6. What are the prime factors of i?
41
Let x be (-380)/(-6) + (-8)/(-12). Suppose -i - i + x = 0. What are the prime factors of i?
2
Let f(d) = -d**2 - 5*d - 2. Let x be f(-5). List the prime factors of 316/24 - x/(-12).
13
Let t(i) = i**3 - 3*i**2 - 5*i + 3. Let z be t(4). Let j = 13 - z. Suppose -3*p + j = -43. List the prime factors of p.
19
Let w(z) = -11*z + 6. Let n be w(6). List the prime factors of (-1)/(-3)*n/(-5).
2
Let c = 81 - 10. Let o = -27 + c. What are the prime factors of o?
2, 11
Suppose 3*b = -t - 10, b = -4*b - 2*t - 18. Let h(g) = -3 - 1 + 1 - 5*g. List the prime factors of h(b).
7
Let y = 52 + -24. Suppose 0 = -5*s - 4*d + 2*d + y, 1 = -d. What are the prime factors of s?
2, 3
Suppose -5*b = -f - 199, 0*b - 94 = -2*b + 4*f. List the prime factors of b.
3, 13
Let i = 5 - -32. List the prime factors of i.
37
Suppose -119 = -5*c + 81. List the prime factors of c.
2, 5
Let b = -130 + 143. List the prime factors of b.
13
Suppose -5*p + 0*p = -10. Let q be 0/((-4)/2) + p. Suppose 4*j + 2*g - 48 = 0, -3*j - 4*g + 37 = -q*g. What are the prime factors of j?
11
Suppose -j - 24 - 36 = 2*q, -5*j = -4*q + 258. Let y = 98 + j. What are the prime factors of y?
2, 11
Let w(h) be the second derivative of -h**5/20 - h**4/3 - h**3/3 + 3*h**2/2 - 4*h. Let a be w(-3). Suppose a*o = -o + 8. What are the prime factors of o?
2
Let r = 78 - 50. Suppose p - 12 = -2*c + 5, 2*c - r = -2*p. List the prime factors of p.
11
Let d(s) = -s**2 - 12*s - 7. List the prime factors of d(-6).
29
Let w(a) = 17*a + 8. List the prime factors of w(2).
2, 3, 7
Let z be 4/(-10) + 10/25. Suppose x + 1 + 1 = -g, z = 2*g - x + 1. What are the prime factors of 4 - -1 - (0 + g)?
2, 3
Suppose -5*w = -q - 3 - 5, q = -3*w. What are the prime factors of 2 + (3 - 3) + w?
3
Let q(a) = 3*a**3 + 6*a**2 - 4*a. Let t(y) = y**3 + y**2 - y. Let x(i) = q(i) - 5*t(i). What are the prime factors of x(-2)?
2, 3
Suppose -3*z + 8 = 2. What are the prime factors of z?
2
Let x be -7 - (-5 + 3)*-1. Let a = x + 21. List the prime factors of a.
2, 3
Let k(l) = -l + 4. Let f be k(0). Suppose -f*m = -3*q - 161, 3*q = m + 7*q - 26. What are the prime factors of m?
2, 19
Let v(h) be the first derivative of -h**4/12 - 5*h**3/6 + 3*h**2/2 + h + 5. Let n(r) be the first derivative of v(r). List the prime factors of n(-3).
3
Let b(t) = 3*t**2 - 2*t + 1. Let v be b(1). Suppose -1 = f - v. Let d(w) = 12*w**3 + w**2 - w. List the prime factors of d(f).
2, 3
Let d(s) = -s**2 - 3*s + 2. Let i be d(-3). Suppose i*r - 16 = -2*r. Suppose -r*h + 70 = 5*x + h, 2*h + 67 = 3*x. What are the prime factors of x?
19
Let g(r) = 3*r. Let y = -5 + 7. Suppose 0 = y*h - 4 - 8. What are the prime factors of g(h)?
2, 3
Suppose -3*i = 4*x + 31, 22 = -x + i + 9. Let s be 75/x + (-2)/(-4). Let p = s + 14. What are the prime factors of p?
7
Suppose 2*q - 476 = 30. What are the prime factors of q?
11, 23
Suppose -198 = -14*k + 11*k. List the prime factors of k.
2, 3, 11
Suppose -4*q = -12 - 52. What are the prime factors of q?
2
What are the prime factors of 6/(-9) + (-382)/(-6)?
3, 7
Let h(v) = -16*v + 2. Let w be h(-3). Suppose -w = 6*o - o. Let j = 22 + o. What are the prime factors of j?
2, 3
Let q(v) = v**3 - 9*v**2 + v - 2. Suppose 5*k - 46 = -1. What are the prime factors of q(k)?
7
Let u(v) = 7*v - 4. Let k be u(5). Let g = k + 17. Suppose -5*x - 5*r - 13 + g = 0, 2*x + 5*r = 20. List the prime factors of x.
5
Let i be ((-1)/(-3))/(2/72). Let j = 32 - i. What are the prime factors of j?
2, 5
Suppose 5*z = -2*h + 161, 5*z - 3*z = -10. What are the prime factors of h?
3, 31
Let p(t) = -t**3 + 7*t**2 - t + 5. Let c be p(6). Suppose 0 = 4*g - c - 77. List the prime factors of g.
2, 7
List the prime factors of 4 + 237*7/((-42)/(-4)).
2, 3
Let w(t) = -13 + 7 + 1 - 11*t - t**2. What are the prime factors of w(-9)?
13
Suppose 3*p = 5*c + 7, 3*c - 33 = -4*p - 14. Let n = 76 - 48. List the prime factors of ((-2)/(-4))/(c/n).
2, 7
Let f(w) = -w**3 + 6*w**2 + 7*w + 4. Let t be f(7). Let i be -3 + -2*(-18)/t. Let m(h) = h**2 - 3*h - 7. List the prime factors of m(i).
11
Let q(i) be the third derivative of -i**6/120 - i**5/60 + i**4/6 + i**3/2 - 2*i**2. Let n be q(-2). Let f = n - -4. What are the prime factors of f?
3
Let v(g) = -g**3 + 12*g**2 + 2*g - 1. Let o be v(12). Let f be (3/(-2))/((-3)/8). What are the prime factors of (-3)/f - o/(-4)?
5
Let y(b) = -b**2 + b + 13. Let w be y(0). Suppose -2*x = -1 + w. List the prime factors of ((-13)/2)/(3/x).
13
Let h(s) = 9*s**2 + 2. What are the prime factors of h(2)?
2, 19
Let f = 21 + -48. Let w = -9 - f. List the prime factors of 2/w*3*21.
7
Suppose 2*c + 147 = 5*c. What are the prime factors of c?
7
Suppose 2*j = 5*a + 4*j + 166, -5*a + j = 157. Let s = 49 + a. List the prime factors of s.
17
Let i(q) = -q**3 - 4*q**2 - q + 2. What are the prime factors of i(-5)?
2
Let g(l) = l - 6. Let a be g(7). List the prime factors of 0 + 20 + 2 + a.
23
Let c(n) = -n**3 - 8*n**2 - 7*n + 10. Let k be c(-8). Let a = k + -35. What are the prime factors of a?
31
Let q = 6 + -6. Suppose n - 11 = -q*n. Let y = -5 + n. What are the prime factors of y?
2, 3
Let w be 12/9*3/2. Let g = w - 2. Suppose 6 - 21 = -5*n - 3*m, 4*n - 2*m - 34 = g. List the prime factors of n.
2, 3
Suppose 2*g - 2 = g. Let t = g + 2. List the prime factors of t.
2
Let y = -22 + 46. What are the prime factors of y?
2, 3
Let a(h) = -6 + 4*h + 3 - 4*h - 2*h. What are the prime factors of a(-5)?
7
Suppose 49 = 4*g + 5*i, 4*i - 44 = -4*g - 0*i. Suppose -4*m = -26 - g. What are the prime factors of m?
2
Let v(z) = 10*z - 2. Let a be v(4). Suppose a = 5*s + 8. List the prime factors of s/9*15/2.
5
Let z(k) be the first derivative of -